{"id":240,"date":"2022-04-15T14:07:59","date_gmt":"2022-04-15T14:07:59","guid":{"rendered":"https:\/\/www.icbeh.us.edu.pl\/?page_id=240"},"modified":"2022-04-24T15:35:01","modified_gmt":"2022-04-24T15:35:01","slug":"artykuly-metodyczne","status":"publish","type":"page","link":"https:\/\/www.icbeh.us.edu.pl\/?page_id=240","title":{"rendered":"Artyku\u0142y metodyczne"},"content":{"rendered":"\n<figure class=\"wp-block-table is-style-stripes\"><table><tbody><tr><td>Materia\u0142y dydaktyczne, wsparcie dla nauczycieli<br>Nauczyciele i metodycy Polonijnego Centrum Nauczycielskiego opracowuj\u0105 bezp\u0142atne materia\u0142y dydaktyczne przeznaczone dla ka\u017cdego etapu edukacyjnego. Materia\u0142y dost\u0119pne s\u0105 na 2 platformach: <a href=\"about:blank\">www.wlaczpolske.pl<\/a>&nbsp; oraz <a href=\"about:blank\">www.zpe.gov.pl<\/a>&nbsp; <br>(w zak\u0142adce \u201eEdukacja polonijna\u201d)<\/td><td><a href=\"https:\/\/www.orpeg.pl\/wsparcie-nauczycieli\/materialy-dydaktyczne\/\">https:\/\/www.orpeg.pl\/wsparcie-nauczycieli\/materialy-dydaktyczne\/<br><\/a><\/td><\/tr><tr><td>A. M\u0142ynarczuk-Soko\u0142owska, K.&nbsp; Szostak-Kr\u00f3l&nbsp;<br>J\u0119zykowa podr\u00f3\u017c po Polsce<br>Poradnik metodyczny z programem nauczania j\u0119zyka polskiego jako obcego (A1)<\/td><td><a href=\"https:\/\/repozytorium.uwb.edu.pl\/jspui\/bitstream\/11320\/9318\/1\/A.%20M%C5%82ynarczuk-Soko%C5%82owska%2C%20K.%20Szostak-Kr%C3%B3l%2C%20Poradnik%20metodyczny.pdf\" class=\"mtli_attachment mtli_pdf\">https:\/\/repozytorium.uwb.edu.pl\/jspui\/bitstream\/11320\/9318\/1\/A.%20M%C5%82ynarczuk-Soko%C5%82owska%2C%20K.%20Szostak-Kr%C3%B3l%2C%20Poradnik%20metodyczny.pdf<\/a><\/td><\/tr><tr><td>M. Pamu\u0142a-Behrens, M. Szyma\u0144ska&nbsp;<br>Adaptacja ramowego programu nauki j\u0119zyka polskiego dla potrzeb przygotowania \u201eProgramu nauczania j\u0119zyka polskiego jako drugiego dla oddzia\u0142\u00f3w przygotowawczych w szko\u0142ach podstawowych<\/td><td><a href=\"http:\/\/fundacjareja.eu\/wp-content\/uploads\/2015\/11\/Adaptacja-ramowego-programu.pdf\" class=\"mtli_attachment mtli_pdf\">http:\/\/fundacjareja.eu\/wp-content\/uploads\/2015\/11\/Adaptacja-ramowego-programu.pdf<\/a><\/td><\/tr><tr><td>Seria \u201eSztuka czy\/i\/to rzemios\u0142o. Nauczy\u0107 Polski i polskiego\u201d<\/td><td><a href=\"https:\/\/www.sjikp.us.edu.pl\/pl\/publikacje\/publikacje-szkoly-jezyka-i-kultury-polskiej-uniwersytetu-slaskiego\/seria-sztuka-i-rzemioslo\/\">https:\/\/www.sjikp.us.edu.pl\/pl\/publikacje\/publikacje-szkoly-jezyka-i-kultury-polskiej-uniwersytetu-slaskiego\/seria-sztuka-i-rzemioslo\/<\/a><\/td><\/tr><\/tbody><\/table><\/figure>\n","protected":false},"excerpt":{"rendered":"<p>Materia\u0142y dydaktyczne, wsparcie dla nauczycieliNauczyciele i metodycy Polonijnego Centrum Nauczycielskiego opracowuj\u0105 bezp\u0142atne materia\u0142y dydaktyczne przeznaczone dla ka\u017cdego etapu edukacyjnego. Materia\u0142y dost\u0119pne s\u0105 na 2 platformach: www.wlaczpolske.pl&nbsp; oraz www.zpe.gov.pl&nbsp; (w zak\u0142adce \u201eEdukacja polonijna\u201d) https:\/\/www.orpeg.pl\/wsparcie-nauczycieli\/materialy-dydaktyczne\/ A. M\u0142ynarczuk-Soko\u0142owska, K.&nbsp; Szostak-Kr\u00f3l&nbsp;J\u0119zykowa podr\u00f3\u017c po PolscePoradnik metodyczny z programem nauczania j\u0119zyka polskiego jako obcego (A1) https:\/\/repozytorium.uwb.edu.pl\/jspui\/bitstream\/11320\/9318\/1\/A.%20M%C5%82ynarczuk-Soko%C5%82owska%2C%20K.%20Szostak-Kr%C3%B3l%2C%20Poradnik%20metodyczny.pdf M. Pamu\u0142a-Behrens, M. Szyma\u0144ska&nbsp;Adaptacja ramowego<a class=\"moretag\" href=\"https:\/\/www.icbeh.us.edu.pl\/?page_id=240\"> >czytaj wi\u0119cej< <\/a><\/p>\n","protected":false},"author":2,"featured_media":0,"parent":0,"menu_order":0,"comment_status":"closed","ping_status":"closed","template":"","meta":{"footnotes":""},"class_list":["post-240","page","type-page","status-publish","hentry"],"_links":{"self":[{"href":"https:\/\/www.icbeh.us.edu.pl\/index.php?rest_route=\/wp\/v2\/pages\/240","targetHints":{"allow":["GET"]}}],"collection":[{"href":"https:\/\/www.icbeh.us.edu.pl\/index.php?rest_route=\/wp\/v2\/pages"}],"about":[{"href":"https:\/\/www.icbeh.us.edu.pl\/index.php?rest_route=\/wp\/v2\/types\/page"}],"author":[{"embeddable":true,"href":"https:\/\/www.icbeh.us.edu.pl\/index.php?rest_route=\/wp\/v2\/users\/2"}],"replies":[{"embeddable":true,"href":"https:\/\/www.icbeh.us.edu.pl\/index.php?rest_route=%2Fwp%2Fv2%2Fcomments&post=240"}],"version-history":[{"count":4,"href":"https:\/\/www.icbeh.us.edu.pl\/index.php?rest_route=\/wp\/v2\/pages\/240\/revisions"}],"predecessor-version":[{"id":316,"href":"https:\/\/www.icbeh.us.edu.pl\/index.php?rest_route=\/wp\/v2\/pages\/240\/revisions\/316"}],"wp:attachment":[{"href":"https:\/\/www.icbeh.us.edu.pl\/index.php?rest_route=%2Fwp%2Fv2%2Fmedia&parent=240"}],"curies":[{"name":"wp","href":"https:\/\/api.w.org\/{rel}","templated":true}]}}