{"id":204,"date":"2022-04-15T14:03:06","date_gmt":"2022-04-15T14:03:06","guid":{"rendered":"https:\/\/www.icbeh.us.edu.pl\/?page_id=204"},"modified":"2022-04-24T15:36:41","modified_gmt":"2022-04-24T15:36:41","slug":"gramatyki","status":"publish","type":"page","link":"https:\/\/www.icbeh.us.edu.pl\/?page_id=204","title":{"rendered":"Gramatyki"},"content":{"rendered":"\n<figure class=\"wp-block-table is-style-stripes\"><table><tbody><tr><td><strong>T\u0119czowa gramatyka \u2013 gramatyka w tabelach<\/strong><br><br>M. Macio\u0142ek<br>T\u0119czowa gramatyka j\u0119zyka polskiego w tabelach. Cz\u0119\u015b\u0107 I: Deklinacja. Cz\u0119\u015b\u0107 II: Czasownik<\/td><td><a href=\"https:\/\/www.sjikp.us.edu.pl\/pl\/publikacje\/publikacje-szkoly-jezyka-i-kultury-polskiej-uniwersytetu-slaskiego\/tabele-i-plansze\/teczowa-gramatyka-jezyka-polskiego-w-tabelach-czesc-i-deklinacja-czesc-ii-czasownik\/\" target=\"_blank\" rel=\"noreferrer noopener\">https:\/\/www.sjikp.us.edu.pl\/pl\/publikacje\/publikacje-szkoly-jezyka-i-kultury-polskiej-uniwersytetu-slaskiego\/tabele-i-plansze\/teczowa-gramatyka-jezyka-polskiego-w-tabelach-czesc-i-deklinacja-czesc-ii-czasownik\/<\/a><\/td><\/tr><tr><td><strong>Gramatyka w tabelach z obja\u015bnieniami funkcjonalnymi i historycznymi<\/strong><br><br>M. Macio\u0142ek, J. Tambor<br>Gramatyczne porz\u0105dki i historyczne wyj\u0105tki.<br>Polska gramatyka \u2013 regu\u0142y, tabele, zasady.<br>Dla zaawansowanych.<\/td><td><a href=\"https:\/\/www.sjikp.us.edu.pl\/pl\/publikacje\/publikacje-szkoly-jezyka-i-kultury-polskiej-uniwersytetu-slaskiego\/tabele-i-plansze\/gramatyczne-porzadki-i-historyczne-wyjatki-polska-gramatyka-reguly-tabele-zasady\/\" target=\"_blank\" rel=\"noreferrer noopener\">https:\/\/www.sjikp.us.edu.pl\/pl\/publikacje\/publikacje-szkoly-jezyka-i-kultury-polskiej-uniwersytetu-slaskiego\/tabele-i-plansze\/gramatyczne-porzadki-i-historyczne-wyjatki-polska-gramatyka-reguly-tabele-zasady\/<\/a><\/td><\/tr><tr><td>Materia\u0142y dla nauczycieli \u2013 na co trzeba zwr\u00f3ci\u0107 uwag\u0119, gdy uczy si\u0119 osoby z j\u0119zykiem wschodnios\u0142owia\u0144skim jako pierwszym<\/td><td><a href=\"https:\/\/www.orpeg.pl\/wsparcie-nauczycieli\/materialy-dydaktyczne\/\" target=\"_blank\" rel=\"noreferrer noopener\">https:\/\/www.orpeg.pl\/wsparcie-nauczycieli\/materialy-dydaktyczne\/<\/a><\/td><\/tr><tr><td>Miniporadnik gramatyczny dla nauczycieli j\u0119zyka polskiego na Wschodzie<\/td><td><a href=\"http:\/\/www.wlaczpolske.pl\/index.php?etap=10&amp;i=1855\" target=\"_blank\" rel=\"noreferrer noopener\">http:\/\/www.wlaczpolske.pl\/index.php?etap=10&amp;i=1855<\/a><\/td><\/tr><\/tbody><\/table><\/figure>\n","protected":false},"excerpt":{"rendered":"<p>T\u0119czowa gramatyka \u2013 gramatyka w tabelach M. Macio\u0142ekT\u0119czowa gramatyka j\u0119zyka polskiego w tabelach. Cz\u0119\u015b\u0107 I: Deklinacja. Cz\u0119\u015b\u0107 II: Czasownik https:\/\/www.sjikp.us.edu.pl\/pl\/publikacje\/publikacje-szkoly-jezyka-i-kultury-polskiej-uniwersytetu-slaskiego\/tabele-i-plansze\/teczowa-gramatyka-jezyka-polskiego-w-tabelach-czesc-i-deklinacja-czesc-ii-czasownik\/ Gramatyka w tabelach z obja\u015bnieniami funkcjonalnymi i historycznymi M. Macio\u0142ek, J. TamborGramatyczne porz\u0105dki i historyczne wyj\u0105tki.Polska gramatyka \u2013 regu\u0142y, tabele, zasady.Dla zaawansowanych. https:\/\/www.sjikp.us.edu.pl\/pl\/publikacje\/publikacje-szkoly-jezyka-i-kultury-polskiej-uniwersytetu-slaskiego\/tabele-i-plansze\/gramatyczne-porzadki-i-historyczne-wyjatki-polska-gramatyka-reguly-tabele-zasady\/ Materia\u0142y dla nauczycieli \u2013 na co trzeba zwr\u00f3ci\u0107 uwag\u0119, gdy uczy si\u0119<a class=\"moretag\" href=\"https:\/\/www.icbeh.us.edu.pl\/?page_id=204\"> >czytaj wi\u0119cej< <\/a><\/p>\n","protected":false},"author":2,"featured_media":0,"parent":0,"menu_order":0,"comment_status":"closed","ping_status":"closed","template":"","meta":{"footnotes":""},"class_list":["post-204","page","type-page","status-publish","hentry"],"_links":{"self":[{"href":"https:\/\/www.icbeh.us.edu.pl\/index.php?rest_route=\/wp\/v2\/pages\/204","targetHints":{"allow":["GET"]}}],"collection":[{"href":"https:\/\/www.icbeh.us.edu.pl\/index.php?rest_route=\/wp\/v2\/pages"}],"about":[{"href":"https:\/\/www.icbeh.us.edu.pl\/index.php?rest_route=\/wp\/v2\/types\/page"}],"author":[{"embeddable":true,"href":"https:\/\/www.icbeh.us.edu.pl\/index.php?rest_route=\/wp\/v2\/users\/2"}],"replies":[{"embeddable":true,"href":"https:\/\/www.icbeh.us.edu.pl\/index.php?rest_route=%2Fwp%2Fv2%2Fcomments&post=204"}],"version-history":[{"count":3,"href":"https:\/\/www.icbeh.us.edu.pl\/index.php?rest_route=\/wp\/v2\/pages\/204\/revisions"}],"predecessor-version":[{"id":317,"href":"https:\/\/www.icbeh.us.edu.pl\/index.php?rest_route=\/wp\/v2\/pages\/204\/revisions\/317"}],"wp:attachment":[{"href":"https:\/\/www.icbeh.us.edu.pl\/index.php?rest_route=%2Fwp%2Fv2%2Fmedia&parent=204"}],"curies":[{"name":"wp","href":"https:\/\/api.w.org\/{rel}","templated":true}]}}