{"id":17,"date":"2020-09-07T22:47:15","date_gmt":"2020-09-07T22:47:15","guid":{"rendered":"https:\/\/www.centrumedukacjihumanistycznej.us.edu.pl\/?page_id=17"},"modified":"2026-04-01T08:27:48","modified_gmt":"2026-04-01T08:27:48","slug":"zespol","status":"publish","type":"page","link":"https:\/\/www.icbeh.us.edu.pl\/?page_id=17","title":{"rendered":"ZESP\u00d3\u0141"},"content":{"rendered":"<div class=\"content container\">\n<div id=\"content\" class=\"site-content\">\n<div class=\"row d-flex align-items-center m-0 p-5 page-17\">\n<div>\n<div>\n<hr \/>\n<\/div>\n<\/div>\n<div class=\"col form-group\">\n<p>Dyrektor: <strong>Ma\u0142gorzata W\u00f3jcik-Dudek<\/strong>, Instytut Polonistyki <a href=\"https:\/\/us.edu.pl\/instytut\/ipo\/pracownicy\/malgorzata-wojcik-dudek\/\">https:\/\/us.edu.pl\/instytut\/ipo\/pracownicy\/malgorzata-wojcik-dudek\/<\/a><\/p>\n<p>Zast\u0119pczyni: <strong>Magdalena Ochwat<\/strong>, Instytut Polonistyki <a href=\"https:\/\/us.edu.pl\/instytut\/ipo\/pracownicy\/magdalena-ochwat\/\">https:\/\/us.edu.pl\/instytut\/ipo\/pracownicy\/magdalena-ochwat\/<\/a><\/p>\n<p>Zast\u0119pczyni: <strong>Maria Wac\u0142awek<\/strong>, Instytut J\u0119zykoznawstwa <a href=\"https:\/\/us.edu.pl\/instytut\/ij\/osoby\/maria-waclawek\/\">https:\/\/us.edu.pl\/instytut\/ij\/osoby\/maria-waclawek\/<\/a><\/p>\n<p>Sekretarz: <strong>Katarzyna Gryncewicz<\/strong>, doktorantka w Szkole Doktorskiej U\u015a<\/p>\n<hr \/>\n<p>Cz\u0142onkowie:<\/p>\n<p><strong>Aleksandra Achtelik<\/strong>, Instytut Nauk o Kulturze <a class=\"moz-txt-link-freetext\" href=\"https:\/\/us.edu.pl\/instytut\/inok\/osoby\/aleksandra-achtelik\/\">https:\/\/us.edu.pl\/instytut\/inok\/osoby\/aleksandra-achtelik\/<\/a><\/p>\n<p><strong>Justyna Hanna Budzik<\/strong>, Instytut Nauk o\u00a0Kulturze\u00a0<a href=\"https:\/\/us.edu.pl\/instytut\/inok\/osoby\/justyna-hanna-budzik\/\">https:\/\/us.edu.pl\/instytut\/inok\/osoby\/justyna-hanna-budzik\/<\/a><\/p>\n<p><strong>Anna Barcz<\/strong>, Instytut Historii, Polska Akademia Nauk<\/p>\n<p><strong>Wies\u0142aw Bany\u015b<\/strong>, Instytut J\u0119zykoznawstwa\u00a0https:\/\/us.edu.pl\/instytut\/ij\/osoby\/wieslaw-banys\/<\/p>\n<p><strong>Alina Budniak<\/strong>, Instytut Pedagogiki, Wydzia\u0142 Nauk Spo\u0142ecznych <a href=\"https:\/\/opus.us.edu.pl\/info\/author\/USL7524a4853d19482c996b6f8aae0d735e\/Person+profile+%25E2%2580%2593+Alina+Budniak+%25E2%2580%2593+University+of+Silesia+title?ps=20&amp;lang=pl&amp;pn=1&amp;cid=378862\">https:\/\/opus.us.edu.pl\/info\/author\/USL7524a4853d19482c996b6f8aae0d735e\/Person+profile+%25E2%2580%2593+Alina+Budniak+%25E2%2580%2593+University+of+Silesia+title?ps=20&amp;lang=pl&amp;pn=1&amp;cid=378862<\/a><\/p>\n<p><strong>Magdalena Christ<\/strong>, Instytut Pedagogiki, Wydzia\u0142 Nauk Spo\u0142ecznych,\u00a0 <a href=\"https:\/\/us.edu.pl\/instytut\/ipe\/dr-magdalena-christ\/\">https:\/\/us.edu.pl\/instytut\/ipe\/dr-magdalena-christ\/<\/a><\/p>\n<p><strong>Romuald Cudak<\/strong>, pracownik emerytowany Instytutu Literaturoznawstwa <a href=\"https:\/\/us.edu.pl\/instytut\/il\/osoby\/romuald-cudak\/\">https:\/\/us.edu.pl\/instytut\/il\/osoby\/romuald-cudak\/<\/a><\/p>\n<p><strong>Ivana Dobrotov\u00e1<\/strong>, Katedra Slawistyki, Wydzia\u0142 Filozoficzny Uniwersytetu Palackiego w O\u0142omu\u0144cu (Czechia)<a href=\"https:\/\/www.ff.upol.cz\/nc\/kontakty\/vizitka\/empid\/09016\/\"> https:\/\/www.ff.upol.cz\/nc\/kontakty\/vizitka\/empid\/09016\/<\/a><\/p>\n<p><strong>Maciej Fic<\/strong>, Instytut Historii <a href=\"https:\/\/us.edu.pl\/instytut\/ih\/osoby\/maciej-fic\/\">https:\/\/us.edu.pl\/instytut\/ih\/osoby\/maciej-fic\/<\/a><\/p>\n<p><strong>Anna Foltyn-Simka<\/strong>, IV Liceum Og\u00f3lnokszta\u0142c\u0105ce im. Miko\u0142aja Reja w Zabrzu<\/p>\n<p><strong>Joanna Godawa<\/strong>, Instytut Pedagogiki, Wydzia\u0142 Nauk Spo\u0142ecznych, <a href=\"https:\/\/ab.us.edu.pl\/emp?id=7012\">https:\/\/ab.us.edu.pl\/emp?id=7012<\/a><\/p>\n<p><strong>Marcela Gruszczyk<\/strong>, Instytut Historii\u00a0<a href=\"https:\/\/us.edu.pl\/instytut\/ih\/osoby\/maciej-fic\/\">https:\/\/us.edu.pl\/instytut\/ih\/osoby\/marcela-gruszczyk\/<\/a><\/p>\n<p><strong>Anna Guzy<\/strong>, Instytut J\u0119zykoznawstwa\u00a0<a href=\"https:\/\/us.edu.pl\/instytut\/ij\/osoby\/anna-guzy\/\">https:\/\/us.edu.pl\/instytut\/ij\/osoby\/anna-guzy\/<\/a><\/p>\n<p><strong>Wioletta Hajduk-Gawron<\/strong>, Instytut Polonistyki <a href=\"https:\/\/us.edu.pl\/instytut\/ipo\/pracownicy\/wioletta-hajduk-gawron\/\">https:\/\/us.edu.pl\/instytut\/ipo\/pracownicy\/wioletta-hajduk-gawron\/<\/a><\/p>\n<p><strong>Adam Hibszer<\/strong>, Instytut Geografii Spo\u0142eczno-Ekonomicznej i Gospodarki Przestrzennej, Wydzia\u0142 Nauk Przyrodniczych\u00a0 <a href=\"https:\/\/us.edu.pl\/instytut\/igseigp\/osoby\/hibszer-adam\/\">https:\/\/us.edu.pl\/instytut\/igseigp\/osoby\/hibszer-adam\/<\/a><\/p>\n<p><strong>Ewa Jask\u00f3\u0142a<\/strong>, pracownik emerytowana Instytutu Literaturoznawstwa <a href=\"https:\/\/us.edu.pl\/instytut\/il\/osoby\/ewa-jaskola\/\">https:\/\/us.edu.pl\/instytut\/il\/osoby\/ewa-jaskola\/<\/a><\/p>\n<p><strong>Ma\u0142gorzata Kita<\/strong>, pracownik emerytowana Instytutu J\u0119zykoznawstwa <a href=\"https:\/\/us.edu.pl\/instytut\/ij\/osoby\/malgorzata-kita\/\">https:\/\/us.edu.pl\/instytut\/ij\/osoby\/malgorzata-kita\/<\/a><\/p>\n<p><strong>Anna Kopaczewska<\/strong>, Akademia Sztuk Pi\u0119knych w Katowicach\u00a0<a href=\"https:\/\/asp.katowice.pl\/uczelnia\/nauczyciele-akademiccy\/anna-kopaczewska.html\">https:\/\/asp.katowice.pl\/uczelnia\/nauczyciele-akademiccy\/anna-kopaczewska.html<\/a><\/p>\n<p><strong>Sylwia Kot<\/strong>, Szko\u0142a Podstawowa nr 26 im. Rod\u0142a w Zabrzu<\/p>\n<p><strong>Krystyna Kozio\u0142ek<\/strong>, Instytut Polonistyki <a href=\"https:\/\/us.edu.pl\/instytut\/ipo\/pracownicy\/krystyna-koziolek\/\">https:\/\/us.edu.pl\/instytut\/ipo\/pracownicy\/krystyna-koziolek\/<\/a><\/p>\n<p><strong>Agnieszka Koz\u0142owska<\/strong>, Wydzia\u0142 Nauk Edukacyjnych, Uniwersytet im. A. Mickiewicza w Poznaniu <a href=\"https:\/\/wse.amu.edu.pl\/dla-pracownika\/pracownicy-wydzialu2\/nauczyciele-akademiccy\/kozlowska-agnieszka,-dr\" target=\"_blank\" rel=\"noopener\">https:\/\/wse.amu.edu.pl\/dla-pracownika\/pracownicy-wydzialu2\/nauczyciele-akademiccy\/kozlowska-agnieszka,-dr<\/a><\/p>\n<p><strong>Katarzyna Krulicka<\/strong>, Szko\u0142a Podstawowa nr 31 w Zabrzu<\/p>\n<p><strong>Danuta Krzy\u017cyk<\/strong>, Instytut J\u0119zykoznawstwa\u00a0<a href=\"https:\/\/us.edu.pl\/instytut\/ij\/osoby\/danuta-krzyzyk\/\">https:\/\/us.edu.pl\/instytut\/ij\/osoby\/danuta-krzyzyk\/<\/a><\/p>\n<p><strong>Anna Lang<\/strong>, Og\u00f3lnokrajowa Uzupe\u0142niaj\u0105ca Polska Szko\u0142a i Przedszkole na W\u0119grzech<\/p>\n<p><strong>Marcin Macio\u0142ek<\/strong>, Instytut J\u0119zykoznawstwa\u00a0<a href=\"https:\/\/us.edu.pl\/instytut\/ij\/osoby\/marcin-maciolek\/\">https:\/\/us.edu.pl\/instytut\/ij\/osoby\/marcin-maciolek\/<\/a><\/p>\n<p><strong>Ilona Majewska<\/strong>, Miejska Biblioteka Publiczna im. J. \u015aniegonia w Wi\u015ble<\/p>\n<p><strong>Jagna Malejka<\/strong>, Szko\u0142a J\u0119zyka i Kultury Polskiej U\u015a <a href=\"https:\/\/www.sjikp.us.edu.pl\/pl\/pracownicy\/dr-jagna-malejka\/\">https:\/\/www.sjikp.us.edu.pl\/pl\/pracownicy\/dr-jagna-malejka\/<\/a><\/p>\n<p><strong>Joanna Mateusiak<\/strong>, Instytut Psychologii, Wydzia\u0142 Nauk Spo\u0142ecznych <a href=\"https:\/\/us.edu.pl\/instytut\/ip\/osoby\/dr-joanna-mateusiak\/\">https:\/\/us.edu.pl\/instytut\/ip\/osoby\/dr-joanna-mateusiak<\/a><\/p>\n<p><strong>Alina Mitek-Dziemba<\/strong>, Instytut Literaturoznawstwa <a href=\"https:\/\/us.edu.pl\/instytut\/il\/osoby\/alina-mitek-dziemba\/\">https:\/\/us.edu.pl\/instytut\/il\/osoby\/alina-mitek-dziemba\/<\/a><\/p>\n<p><strong>Ma\u0142gorzata Mnich<\/strong>, Instytut Pedagogiki, Wydzia\u0142 Nauk Spo\u0142ecznych <a href=\"https:\/\/ab.us.edu.pl\/emp?id=17992\">https:\/\/ab.us.edu.pl\/emp?id=17992 <\/a><\/p>\n<p><strong>Zuzana Obertov\u00e1<\/strong>, Katedra Filologii S\u0142owia\u0144skiej, Wydzia\u0142 Filozoficzny Uniwersytetu Kome\u0144skiego w Bratys\u0142awie (S\u0142owacja) <a href=\"https:\/\/fphil.uniba.sk\/katedry-a-odborne-pracoviska\/ksf\/clenovia-katedry\/zuzana-obertova\/\">https:\/\/fphil.uniba.sk\/katedry-a-odborne-pracoviska\/ksf\/clenovia-katedry\/zuzana-obertova\/<\/a><\/p>\n<p><strong>Gabriela Olchowa<\/strong>, Katedra J\u0119zyk\u00f3w S\u0142owia\u0144skich, Wydzia\u0142 Nauk Humanistycznych Uniwersytet M. Bela w Ba\u0144skiej Bystrzycy (S\u0142owacja) <a href=\"https:\/\/www.ff.umb.sk\/golchowa\/\">https:\/\/www.ff.umb.sk\/golchowa\/<\/a><\/p>\n<p><strong>Ewa Og\u0142oza<\/strong>, pracownik emerytowana Instytutu Literaturoznawstwa <a href=\"https:\/\/us.edu.pl\/instytut\/il\/osoby\/ewa-ogloza\/\">https:\/\/us.edu.pl\/instytut\/il\/osoby\/ewa-ogloza\/<\/a><\/p>\n<p><strong>Bernadeta Niesporek-Szamburska<\/strong>, pracownik emerytowana Instytutu J\u0119zykoznawstwa <a href=\"https:\/\/us.edu.pl\/instytut\/ij\/osoby\/bernadeta-niesporek-szamburska\/\">https:\/\/us.edu.pl\/instytut\/ij\/osoby\/bernadeta-niesporek-szamburska\/<\/a><\/p>\n<p><strong>Ewa P\u00f3\u0142torak<\/strong>, Instytut J\u0119zykoznawstwa\u00a0<a href=\"https:\/\/us.edu.pl\/instytut\/ij\/osoby\/ewa-poltorak\/\">https:\/\/us.edu.pl\/instytut\/ij\/osoby\/ewa-poltorak\/<\/a><\/p>\n<p><strong>Olga Przybyla<\/strong>, Instytut J\u0119zykoznawstwa\u00a0<a href=\"https:\/\/us.edu.pl\/instytut\/ij\/osoby\/olga-przybyla\/\">https:\/\/us.edu.pl\/instytut\/ij\/osoby\/olga-przybyla\/<\/a><\/p>\n<p><strong>Piotr Skuba\u0142a<\/strong>, Instytut Biologii, Biotechnologii i Ochrony \u015arodowiska, Wydzia\u0142 Nauk Przyrodniczych <a href=\"https:\/\/us.edu.pl\/instytut\/ibbios\/osoby\/skubala-piotr\/\">https:\/\/us.edu.pl\/instytut\/ibbios\/osoby\/skubala-piotr\/<\/a><\/p>\n<p><strong>Agnieszka Sobol<\/strong>, Pa\u0144stwowy Instytut Badawczy, Instytut Ochrony \u015arodowiska<\/p>\n<p><strong>Karolina\u00a0Starnawska<\/strong>, Instytut Polonistyki <a href=\"https:\/\/us.edu.pl\/instytut\/ipo\/pracownicy\/karolina-starnawska\/\">https:\/\/us.edu.pl\/instytut\/ipo\/pracownicy\/karolina-starnawska\/<\/a><\/p>\n<p><strong>Helena Synowiec<\/strong>, pracownik emerytowana Instytutu J\u0119zykoznawstwa <a href=\"https:\/\/us.edu.pl\/instytut\/ij\/osoby\/helena-synowiec\/\">https:\/\/us.edu.pl\/instytut\/ij\/osoby\/helena-synowiec\/<\/a><\/p>\n<p><strong>Magdalena \u015alawska<\/strong>, Instytut Dziennikarstwa i Komunikacji Medialnej, Wydzia\u0142 Nauk Spo\u0142ecznych <a href=\"https:\/\/us.edu.pl\/instytut\/idkm\/dr-hab-magdalena-slawska\/\">https:\/\/us.edu.pl\/instytut\/idkm\/dr-hab-magdalena-slawska\/<\/a><\/p>\n<p><strong>Stanislav \u0160t\u011bp\u00e1n\u00edk<\/strong>, Katedra J\u0119zyka Czeskiego i Literatury, Wydzia\u0142 Pedagogiczny Uniwersytetu Palackiego w O\u0142omu\u0144cu (Czechia) <a href=\"https:\/\/kcjl.upol.cz\/index.php\/2-uncategorised\/464-stepanik\">https:\/\/kcjl.upol.cz\/index.php\/2-uncategorised\/464-stepanik<\/a><\/p>\n<p><strong>Paulina Pawlik<\/strong>, studentka polonistyki U\u015a<\/p>\n<p><strong>Anita Ra\u010d\u00e1kov\u00e1<\/strong>, Katedra J\u0119zyk\u00f3w S\u0142owia\u0144skich, Wydzia\u0142 Nauk Humanistycznych Uniwersytetu M. Bela w Ba\u0144skiej Bystrzycy (S\u0142owacja) <a href=\"https:\/\/www.ff.umb.sk\/aracakova\/\">https:\/\/www.ff.umb.sk\/aracakova\/<\/a><\/p>\n<p><strong>Dorota Ta\u0142aj<\/strong>, Instytut Studi\u00f3w Podyplomowych w Tychach<\/p>\n<p><strong>Jolanta Tambor<\/strong>, Instytut J\u0119zykoznawstwa\u00a0<a href=\"https:\/\/us.edu.pl\/instytut\/ij\/osoby\/jolanta-tambor\/\">https:\/\/us.edu.pl\/instytut\/ij\/osoby\/jolanta-tambor\/<\/a><\/p>\n<p><strong>Agnieszka Tambor<\/strong>, Instytut Nauk o Kulturze <a href=\"https:\/\/us.edu.pl\/instytut\/inok\/osoby\/agnieszka-tambor\/\">https:\/\/us.edu.pl\/instytut\/inok\/osoby\/agnieszka-tambor\/<\/a><\/p>\n<p><strong>Maria Wtorkowska<\/strong>, Katedra Polonistyki, Wydzia\u0142 Filozoficzny Uniwersytetu w Lublanie (S\u0142owenia) <a href=\"https:\/\/www.ff.uni-lj.si\/en\/staff\/maria-zofia-wtorkowska\">https:\/\/www.ff.uni-lj.si\/en\/staff\/maria-zofia-wtorkowska<\/a><\/p>\n<p><strong>Martina Wyszy\u0144ska-Johansson<\/strong>, H\u00f6gskolan V\u00e4st, Szwecja<\/p>\n<p><strong>Ewelina Zygan<\/strong>, doktorantka w Instytucie Literaturoznawstwa<\/p>\n<\/div>\n<\/div>\n<\/div>\n<\/div>\n","protected":false},"excerpt":{"rendered":"<p>Dyrektor: Ma\u0142gorzata W\u00f3jcik-Dudek, Instytut Polonistyki https:\/\/us.edu.pl\/instytut\/ipo\/pracownicy\/malgorzata-wojcik-dudek\/ Zast\u0119pczyni: Magdalena Ochwat, Instytut Polonistyki https:\/\/us.edu.pl\/instytut\/ipo\/pracownicy\/magdalena-ochwat\/ Zast\u0119pczyni: Maria Wac\u0142awek, Instytut J\u0119zykoznawstwa https:\/\/us.edu.pl\/instytut\/ij\/osoby\/maria-waclawek\/ Sekretarz: Katarzyna Gryncewicz, doktorantka w Szkole Doktorskiej U\u015a Cz\u0142onkowie: Aleksandra Achtelik, Instytut Nauk o Kulturze https:\/\/us.edu.pl\/instytut\/inok\/osoby\/aleksandra-achtelik\/ Justyna Hanna Budzik, Instytut Nauk o\u00a0Kulturze\u00a0https:\/\/us.edu.pl\/instytut\/inok\/osoby\/justyna-hanna-budzik\/ Anna Barcz, Instytut Historii, Polska Akademia Nauk Wies\u0142aw Bany\u015b, Instytut J\u0119zykoznawstwa\u00a0https:\/\/us.edu.pl\/instytut\/ij\/osoby\/wieslaw-banys\/ Alina Budniak, Instytut Pedagogiki,<a class=\"moretag\" href=\"https:\/\/www.icbeh.us.edu.pl\/?page_id=17\"> >czytaj wi\u0119cej< <\/a><\/p>\n","protected":false},"author":1,"featured_media":0,"parent":0,"menu_order":0,"comment_status":"closed","ping_status":"closed","template":"","meta":{"footnotes":""},"class_list":["post-17","page","type-page","status-publish","hentry"],"_links":{"self":[{"href":"https:\/\/www.icbeh.us.edu.pl\/index.php?rest_route=\/wp\/v2\/pages\/17","targetHints":{"allow":["GET"]}}],"collection":[{"href":"https:\/\/www.icbeh.us.edu.pl\/index.php?rest_route=\/wp\/v2\/pages"}],"about":[{"href":"https:\/\/www.icbeh.us.edu.pl\/index.php?rest_route=\/wp\/v2\/types\/page"}],"author":[{"embeddable":true,"href":"https:\/\/www.icbeh.us.edu.pl\/index.php?rest_route=\/wp\/v2\/users\/1"}],"replies":[{"embeddable":true,"href":"https:\/\/www.icbeh.us.edu.pl\/index.php?rest_route=%2Fwp%2Fv2%2Fcomments&post=17"}],"version-history":[{"count":18,"href":"https:\/\/www.icbeh.us.edu.pl\/index.php?rest_route=\/wp\/v2\/pages\/17\/revisions"}],"predecessor-version":[{"id":895,"href":"https:\/\/www.icbeh.us.edu.pl\/index.php?rest_route=\/wp\/v2\/pages\/17\/revisions\/895"}],"wp:attachment":[{"href":"https:\/\/www.icbeh.us.edu.pl\/index.php?rest_route=%2Fwp%2Fv2%2Fmedia&parent=17"}],"curies":[{"name":"wp","href":"https:\/\/api.w.org\/{rel}","templated":true}]}}